 is 4 + 601332335?
601332342
In base 2, what is 1001001111010010 - -10010100?
1001010001100110
In base 7, what is -221002404 + -2?
-221002406
In base 13, what is -61851 + 73b?
-61113
In base 4, what is -11 + 12231122103021?
12231122103010
In base 16, what is 8 - 270377?
-27036f
In base 5, what is -1 - 1001404231?
-1001404232
In base 5, what is -10403143321 + 4?
-10403143312
In base 16, what is 18f1 + 47b5?
60a6
In base 6, what is 1150 - -5335?
10525
In base 14, what is 82759 + -267?
824d2
In base 2, what is 11 - -101100001100100010011100111?
101100001100100010011101010
In base 16, what is -5ab + 2f?
-57c
In base 2, what is -10101100101101011011000010 - -10?
-10101100101101011011000000
In base 9, what is -48 + 108822?
108763
In base 7, what is -51 - -33423164?
33423113
In base 10, what is -125672 - -363?
-125309
In base 14, what is 5 + 16743b39?
16743b40
In base 3, what is 2110022220210200 + 11?
2110022220210211
In base 7, what is -116 + 3046150?
3046031
In base 2, what is 1100100101001 - -1101111100?
1110010100101
In base 13, what is -3018c8 - 170?
-301a68
In base 12, what is 0 - -344376a?
344376a
In base 15, what is 2d7eb - 1a?
2d7d1
In base 10, what is 591 + 32837?
33428
In base 2, what is 11001000 + -11001000111010110?
-11001000100001110
In base 7, what is -155 - 41503666?
-41504154
In base 5, what is -3 + 140421123032?
140421123024
In base 7, what is -100143 - -1400?
-65443
In base 13, what is 5 - -316b67?
316b6c
In base 10, what is 48446 - 406?
48040
In base 16, what is -1 - -a916b?
a916a
In base 13, what is -3bc2581b + 2?
-3bc25819
In base 4, what is -2112301313 + 301?
-2112301012
In base 14, what is -25 - -1ab97?
1ab72
In base 9, what is 72574021 + 0?
72574021
In base 12, what is -2201784 + -9?
-2201791
In base 13, what is 57 + 34ac1?
34b48
In base 6, what is -5 + 20334520?
20334511
In base 6, what is -2024222252 + 14?
-2024222234
In base 16, what is -1c8a3 + d2?
-1c7d1
In base 6, what is 2250320 + -14300?
2232020
In base 14, what is -3694 - 13d1?
-4a85
In base 8, what is 56636 + -1425?
55211
In base 15, what is 3 + 4d65a7?
4d65aa
In base 3, what is 10012 + 22012212211?
22020000000
In base 13, what is -108c - -734a?
628b
In base 4, what is 30 - 2210200?
-2210110
In base 7, what is 302506 - -3216?
306025
In base 12, what is 0 + -19609?
-19609
In base 15, what is c2584ea + 3?
c2584ed
In base 16, what is 39d - 2fce?
-2c31
In base 5, what is -42311 - -203403?
111042
In base 4, what is -113113010 + -302?
-113113312
In base 7, what is -656401335 - 1?
-656401336
In base 16, what is dbb4 + -610?
d5a4
In base 8, what is 17 + -7204?
-7165
In base 8, what is -11456 + -35313?
-46771
In base 7, what is -23 + -5243316?
-5243342
In base 8, what is 3513347 + 2?
3513351
In base 11, what is -4aa140a - 12?
-4aa1421
In base 14, what is 6c79 + -8dc6?
-214b
In base 10, what is 13735399 + 3?
13735402
In base 10, what is 21314 - -198?
21512
In base 13, what is -c141 + 61?
-c0b0
In base 10, what is -15321137 - 6?
-15321143
In base 11, what is -179506 + 20?
-179496
In base 11, what is -257a8 - 3?
-25800
In base 14, what is -1289765 - -a?
-1289759
In base 8, what is 610456 - -243?
610721
In base 12, what is -17 + 2922542?
2922527
In base 10, what is 3 - 2796044?
-2796041
In base 13, what is -7ca361 + 5?
-7ca359
In base 11, what is -9 - -176132?
176124
In base 5, what is -1441 - -30412344?
30410403
In base 5, what is 11242404143 - 0?
11242404143
In base 8, what is 54 + 540104?
540160
In base 9, what is 1635466 + -332?
1635134
In base 2, what is 1000001011111010001011 + 110?
1000001011111010010001
In base 5, what is -1 - -3422334301?
3422334300
In base 13, what is 1034 - 2702?
-169b
In base 9, what is 665 - 2815?
-2140
In base 13, what is c6ca857 + 4?
c6ca85b
In base 16, what is eb76 - -64?
ebda
In base 14, what is a1049da - 1?
a1049d9
In base 4, what is 11112102 + 3023303?
20202011
In base 13, what is 2 + 246375?
246377
In base 10, what is -5 - 5851736?
-5851741
In base 5, what is -4 - 2140240222?
-2140240231
In base 11, what is 9453040 - 4?
9453037
In base 8, what is 2734 + 1612?
4546
In base 8, what is -26441 + 2044?
-24375
In base 7, what is -3 - -24160263?
24160260
In base 5, what is 231034 - -233412?
1020001
In base 12, what is -300513b - 5?
-3005144
In base 6, what is -53 - 35332222?
-35332315
In base 15, what is 2bdc9 + -72?
2bd57
In base 12, what is -570417 - 12?
-570429
In base 12, what is 21126 - 508?
2081a
In base 16, what is -4e0 + -5fcf?
-64af
In base 6, what is 10 - 131421123?
-131421113
In base 12, what is 2 + -9772181?
-977217b
In base 7, what is 14542624 + 130?
14543054
In base 15, what is -48 - -7c0a9?
7c061
In base 12, what is 3 - a109365?
-a109362
In base 15, what is -b2e2457 + -1?
-b2e2458
In base 15, what is 2e + -35c5d?
-35c2e
In base 7, what is -233065024 + 5?
-233065016
In base 3, what is -112010221020201011 + 20?
-112010221020200221
In base 8, what is 57403 + 1634?
61237
In base 7, what is 1230 - 5312663?
-5311433
In base 6, what is 1454212 - 141?
1454031
In base 13, what is 42a4 + 3b?
4312
In base 7, what is 12 + 1246612?
1246624
In base 13, what is -1c1 + 2b22b0?
2b20bc
In base 12, what is 48b832 + 8?
48b83a
In base 13, what is -191 + -c2c6?
-c487
In base 13, what is -7 + 55bc45?
55bc3b
In base 6, what is -2415 - -20502020?
20455201
In base 3, what is -2 + -12110110122200?
-12110110122202
In base 14, what is 19a + -3048?
-2c8c
In base 2, what is -101011000 - 100111100111000?
-101000010010000
In base 12, what is 4 + 4222363?
4222367
In base 14, what is -a2a254 + 1?
-a2a253
In base 12, what is 1 + -258287?
-258286
In base 4, what is -21 - -300001131130?
300001131103
In base 15, what is -413 - 21d7d?
-22291
In base 7, what is 53060 + 105?
53165
In base 8, what is 2520031 - 4?
2520025
In base 2, what is 1000110100010001100 + 1001?
1000110100010010101
In base 11, what is -7 + 782177?
782170
In base 3, what is -20021222222010 + -101?
-20021222222111
In base 13, what is -3 - 35061?
-35064
In base 16, what is -972c5 - 11?
-972d6
In base 16, what is 1d3c5ad - -2?
1d3c5af
In base 10, what is 481 - 850192?
-849711
In base 4, what is -11330310331011 - -30?
-11330310330321
In base 15, what is -1004 - c47?
-1c4b
In base 16, what is 3 + 1f0d54f?
1f0d552
In base 3, what is 2100021120100211 - -11?
2100021120100222
In base 13, what is 13532 - 141b?
12114
In base 5, what is -231402230 - 4?
-231402234
In base 14, what is -660a + 1b3?
-6437
In base 8, what is -1604 + 410632?
407026
In base 8, what is 144 - 10671663?
-10671517
In base 12, what is -135 - -146aba3?
146aa6a
In base 6, what is 3031411453 + 3?
3031411500
In base 2, what is 10101110001111 - 10110111001?
10010111010110
In base 10, what is -28 + 801161?
801133
In base 8, what is -233556657 + 0?
-233556657
In base 16, what is 72b92fa5 - -4?
72b92fa9
In base 2, what is 1000111 + 100001000110011101111?
100001000110100110110
In base 5, what is 214443233 - 1?
214443232
In base 16, what is 0 + 1c42d0?
1c42d0
In base 11, what is -352 - 20172?
-20514
In base 10, what is 36 + -6793172?
-6793136
In base 8, what is 1244363 - -20?
1244403
In base 12, what is -1223b9 - -29?
-122390
In base 13, what is 225ca46 + -c?
225ca37
In base 5, what is 30343 - -3340301?
3421144
In base 9, what is -1165732 + 14?
-1165717
In base 10, what is -4287957 + 2?
-4287955
In base 14, what is c7b + 1c13?
2a90
In base 6, what is -5 - 1545440503?
-1545440512
In base 12, what is 1a - -199591?
1995ab
In base 2, what is 100111 - 101101000011001100111000?
-101101000011001100010001
In base 3, what is 11100212010 - 101210?
11100110100
In base 2, what is -1001001010001 + 10101001001?
-110100001000
In base 10, what is 44 + 1122207?
1122251
In base 5, what is -41 - 201044021?
-201044112
In base 11, what is 4753 + -519?
4235
In base 4, what is 13210233 - -300?
13211133
In base 12, what is 185492 - 310?
185182
In base 4, what is -1 - -20320023013101?
20320023013100
In base 5, what is -111321100 - 1?
-111321101
In base 2, what is -11 + 1011000011101000010000100001?
1011000011101000010000011110
In base 8, what is -1202 - 302574?
-303776
In base 14, what is ba2ad5 - -1?
ba2ad6
In base 7, what is -123 + 30143446?
30143323
In base 10, what is 1714 + 4683?
6397
In base 13, what is 56 - -10801b?
108074
In base 6, what is -23014053320 - -5?
-2301405